 + 26 = -79. Let s = v - 33. Suppose p = s*j - 201, -3*j + 306 = -4*p + 7*p. What is the tens digit of j?
0
Suppose 40*a - 27845 = 243755. What is the hundreds digit of a?
7
Suppose 0 = 32*w - 27*w + 3900. Let v = 1610 + w. What is the units digit of v?
0
Suppose 35*r - 18 = 37*r. What is the units digit of ((-3)/(r/22))/(146/219)?
1
Suppose -13*v + 4*v = -29*v + 308420. What is the tens digit of v?
2
Let z = 8 - 8. Suppose -d + 138 = -4*a, 3*d - 5*a - 134 - 245 = z. What is the units digit of d?
8
Suppose -f - 2*j = 1 + 7, 2*j = 2*f - 8. Suppose f = -r - 2*r + 6. Suppose -r*a - 2*p = -94, -4*p = -0*a - 4*a + 156. What is the units digit of a?
3
Let w(y) = -33*y**2 + y. Let p be (2/6)/((-18)/(-54)). Let q be w(p). Let n = 105 - q. What is the units digit of n?
7
Suppose 50 = 9*r + r. Suppose -r*t = 53 + 227. What is the tens digit of 8/t - 156/(-14)?
1
Suppose -3*c = 257 - 317. Suppose -c*n - 9324 = -29*n. What is the hundreds digit of n?
0
Let x(k) = -k**3 + 74*k**2 - 148*k - 856. What is the units digit of x(70)?
4
Let h = -587 - -1886. Suppose -3*v = -6*v + h. What is the tens digit of v?
3
Let y = -25 - -28. Suppose -x + 247 = v, 967 = y*v - 5*x + 210. What is the tens digit of v/(-6)*(-1 - 1)?
8
Let v be (876/(-30) + -1)/((-1)/5). Let w = v - -358. What is the tens digit of w?
0
Let f = -3335 - -5564. What is the units digit of f?
9
Let u be (-52394)/646 + 2/19. Let d = u - -164. What is the tens digit of d?
8
Let t(u) = -u**3 - 13 - 4 + 7*u + 5*u - 5*u**2 - 7*u**2. What is the tens digit of t(-15)?
7
Let o be 750/160*4 - (-3)/(-4). What is the units digit of (122*(-33)/o)/((-9)/27)?
1
Let n = -431 - -539. Let p = n - -235. What is the hundreds digit of p?
3
Let c(p) = -p**2 + 6*p + 15. Let m be c(8). What is the hundreds digit of 6*17541/540 - m/10?
1
Suppose 16 = -17*y + 21*y, 4*f = y + 19492. What is the units digit of f?
4
Let r be 15*((-112)/(-21) - 5). Suppose 0 = -3*k, -5*k = -r*o - 138 + 1258. What is the units digit of o?
4
Let m(z) = 5*z**2 - 5*z + 21377. What is the units digit of m(0)?
7
Let i(o) = 22*o + 70. Let b be i(-3). Suppose 3*c = -c - 4*g + 132, 0 = -b*g - 16. What is the units digit of c?
7
What is the units digit of (-12)/40 - (-4 - (-581384)/(-80))?
1
Suppose -3*f = 3*m - 177, m = -3*f + 46 + 19. Let a = 61 - m. Suppose -k + a*n = -77 - 61, n - 489 = -4*k. What is the hundreds digit of k?
1
Suppose 0 = -6*k - 2*k + 40. Let j be (2/(-4))/((-1)/(-2)) + k. Suppose -j*b + 30 - 2 = 0. What is the units digit of b?
7
Let a = 2339 + -494. What is the tens digit of a?
4
Let h = 4093 + -2398. Suppose -4*g = -12, 5*y + 4*g = h + 1462. Suppose -2*m - w + 379 = 0, 3*m + 5*w - y + 64 = 0. What is the units digit of m?
0
Let y(k) = 2*k + 5 + 0 + k**2 - 1. Let u(a) = -3*a + 63. Let i be u(22). What is the units digit of y(i)?
7
Suppose k + 5*d + 23207 + 7368 = 0, 0 = 2*d + 6. What is the units digit of 3/(-2)*k/240?
1
Let n be (1 - -2)/((-6)/(-4)*1). Let g(x) be the third derivative of 13*x**6/60 + x**5/60 + x**4/12 + x**3/3 - 11*x**2. What is the tens digit of g(n)?
1
Suppose 3*k - 6 = 0, 24410 - 6396 = 2*c - 3*k. What is the hundreds digit of c?
0
Let o = -45 + -56. Let z = 103 + o. Suppose 0 = -2*h, 0 = j + z*j + 3*h - 687. What is the tens digit of j?
2
Suppose j = -5, -4*a + 66414 = 4*j + 22794. What is the ten thousands digit of a?
1
Let j(o) = o**3 - 23*o**2 + 4*o + 28959. What is the ten thousands digit of j(0)?
2
Let v(n) = n**3 + 9*n**2 - n - 5. Let t = -111 + 60. Let g = -58 - t. What is the tens digit of v(g)?
0
Let f(i) be the third derivative of 1/30*i**5 + 0*i - 7/6*i**3 + 0 + 18*i**2 + 13/24*i**4. What is the hundreds digit of f(8)?
2
Suppose 4*c + 8 = 0, -4*d - 5*c - 238954 = -3*d. Let u be (-4)/18 + (d/54)/(-4). What is the tens digit of (u/(-56))/(1/(-8))?
5
Suppose -3153 + 462 = 3*w. Let c = 1879 + w. What is the hundreds digit of c?
9
Let m = 2211 + -2209. Let a = 0 - 0. Suppose 6*l + m*l - 1256 = a. What is the hundreds digit of l?
1
What is the thousands digit of (3783/63 + 24/84)/(3/99)?
1
Suppose 8 = -2*j - 4*g - 6, 3*g + 9 = 0. Let y be (-1 - 1)*(-220)/(-8). Let z = j - y. What is the tens digit of z?
5
Let h = -375 - -375. Suppose h = -9*o - 330 + 1599. What is the units digit of o?
1
Suppose 5*p - 49*q = -44*q + 273465, -7*q + 54733 = p. What is the thousands digit of p?
4
Let y(j) = -1661*j + 8061. What is the ten thousands digit of y(-5)?
1
Suppose -3*g + 289813 = -2*i, 89*i - 95*i + 386400 = 4*g. What is the hundreds digit of g?
6
Let c(g) = 3*g - 15. Let x be c(5). Let z(m) = -3*m + 86. Let k(t) = -6*t + 172. Let r(d) = -4*k(d) + 9*z(d). What is the tens digit of r(x)?
8
Suppose 0 = 3*i - g - 0 - 2, -i + 2*g = 6. Let s(j) = -11*j**2 - 4*j - 1. Let k(l) = l**2 + 1. Let a(p) = i*k(p) - s(p). What is the units digit of a(-1)?
2
Let n(a) = -2*a**2 - 21*a - 89. Let p(d) = -883 - 14*d - d**2 + 3*d + 838. Let g(f) = -4*n(f) + 7*p(f). What is the hundreds digit of g(11)?
2
Let a be 63/15 - (76/(-20) - -4). Suppose 0*z + 5*z - a = 4*m, -4*m + z = 20. What is the units digit of (-1 + (-5)/(-2))/(m/(-712))?
8
Suppose 3*r + 89 - 188 = 0. Suppose 5*o = 5*t + 20, -t + 5*t - r = -3*o. Suppose d - o = 3. What is the tens digit of d?
1
Let q(y) = -y**2 + 9*y + 5. Let o be 390/42 + (-4)/14. Let l be q(o). Suppose 435 = l*h + 45. What is the tens digit of h?
7
Suppose t - 607 + 302 = 3*o, 2*t = 2*o + 614. Let k(f) = 3*f - 4. Let s be k(5). Suppose s*c + t = 13*c. What is the units digit of c?
4
Let s be (-1 + 0)*(-3 + 18/6). Suppose s = -2*m + 601 + 17. What is the units digit of m?
9
Let j(o) = 4*o**2 - 93*o + 11. What is the tens digit of j(-6)?
1
Let c be (3 + -49)/(3/(-6)*-1). Let x = c + 120. Let t = 21 + x. What is the tens digit of t?
4
What is the hundreds digit of (-316029)/(-298)*(-120)/(-14)?
0
Let x be (((-6)/9)/(2/(-63)))/(195/3380). Let b = -29 - -50. What is the units digit of (x/b)/((-4)/(-18))?
8
Let o(q) = q**2 + 8*q - 9. Let l = 1 - -6. Let z be o(l). Let x = -65 + z. What is the units digit of x?
1
What is the hundreds digit of (-5379)/(-88)*-4*(-20)/3?
6
Suppose 3279 = -4*b + 5*u - 1544, -3*b - 3624 = 3*u. Let a = b + 1835. Suppose 0 = 2*y, 4*j + 0*y - 5*y - a = 0. What is the tens digit of j?
5
Suppose 0 = 2*q - 830 + 8. What is the tens digit of q?
1
Let a = 1383 - -1262. Let i = a - 1751. What is the units digit of i?
4
Let n(p) = p**3 + p + 8. Let v be n(0). Suppose -3 - 9 = -3*d, -v = -5*x + 3*d. Suppose -x*j + 5*j = 58. What is the tens digit of j?
5
Let c(w) = 3*w + 25. Let v be c(-9). Let b be 3 + (v - -3 - -3). What is the hundreds digit of (595/b + -3)/((-2)/(-3))?
1
Let x be ((-16)/(-4) - 399)/(-1). Suppose 3*z - 2*w = -6*w + 295, 4*z = -5*w + x. Suppose -z = -2*v + 75. What is the tens digit of v?
9
Let j be (7 + 3)/(-5) + 798. Let q = j - 69. What is the tens digit of q?
2
Let t = -3 - -2. Let o be t/(-1*(-5)/15). What is the tens digit of 3 - ((o - 52) + -3)?
6
Suppose 638*p + 99978 = 657*p. What is the hundreds digit of p?
2
Let p be 3/21 - 6088/(-14). Suppose -6*b = -11*b - p. Let i = 174 + b. What is the units digit of i?
7
Let u = 6361 + 2572. What is the units digit of u?
3
Let h be (-1 + -49)/((-10)/75). Let i be 15/(-10)*(-104)/6. Suppose i*x = 31*x - h. What is the units digit of x?
5
Suppose 6*c - 26 = -2. Suppose -5*y - 3*h + 1886 = 0, -c*y = -6*h + 3*h - 1498. What is the hundreds digit of y?
3
Let i be (-1 - -1) + (58 - -12). Suppose -5*s = q - i, 2*s - 90 = -3*q + 107. Let b = -10 + q. What is the units digit of b?
5
Suppose 333*j - 266*j - 726749 = 0. What is the ten thousands digit of j?
1
Let m be 26 + (2 + 0)*15/(-15). Let p(n) = 31*n + 7. What is the tens digit of p(m)?
5
Suppose -568 - 672 = -5*g. Let w = g + -1. What is the hundreds digit of w?
2
Suppose 2*z + 4*z = 5*s + 25958, 0 = -3*z - 3*s + 12990. What is the tens digit of z?
2
Suppose -14*t = 4*x - 11*t + 1, 4*x + 5*t = -7. Suppose 56 = 3*a + 5*i, -2*a - x*i + 3*i = -20. What is the units digit of a?
2
Suppose 11*i + 22 = 55. Suppose -i*s - 6*s + 8235 = 0. What is the units digit of s?
5
Suppose 2*w = 2*s + 40416, 0 = -2*w + 1220*s - 1225*s + 40402. What is the units digit of w?
6
Let u = -151 - -234. Suppose 0 = 3*q + 3*r - 279, -q + 0*r = -r - u. Suppose 3*k + 2*y = -2*y + 304, k = 2*y + q. What is t